{"id":3025,"date":"2016-08-12T13:36:40","date_gmt":"2016-08-12T12:36:40","guid":{"rendered":"http:\/\/www.deco-travaux.fr\/savoie\/?page_id=3025"},"modified":"2020-08-21T21:00:17","modified_gmt":"2020-08-21T20:00:17","slug":"vente-parquet-stratifie-sol-plastique","status":"publish","type":"page","link":"https:\/\/www.deco-travaux.fr\/savoie\/vente-parquet-stratifie-sol-plastique\/","title":{"rendered":"Vente parquet, stratifi\u00e9, sol plastique"},"content":{"rendered":"<h3><span style=\"color: #33cccc; font-size: 14pt;\">Vente parquet bois en Savoie<\/span><\/h3>\n<p><a href=\"https:\/\/www.deco-travaux.fr\/savoie\/wp-content\/uploads\/2016\/08\/vente-parquet-bois-Savoie-CRIS-BTP.jpg\"><img decoding=\"async\" class=\"alignright size-thumbnail wp-image-3038\" src=\"https:\/\/www.deco-travaux.fr\/savoie\/wp-content\/uploads\/2016\/08\/vente-parquet-bois-Savoie-CRIS-BTP-150x150.jpg\" alt=\"vente parquet bois Savoie CRIS BTP\" width=\"150\" height=\"150\"><\/a><a href=\"https:\/\/www.deco-travaux.fr\/savoie\/wp-content\/uploads\/2016\/08\/parquet-type-versaille-CRIS-BTP.jpg\"><img decoding=\"async\" class=\"alignright size-thumbnail wp-image-3039\" src=\"https:\/\/www.deco-travaux.fr\/savoie\/wp-content\/uploads\/2016\/08\/parquet-type-versaille-CRIS-BTP-150x150.jpg\" alt=\"parquet type versaille CRIS BTP\" width=\"150\" height=\"150\"><\/a><a href=\"https:\/\/www.deco-travaux.fr\/savoie\/wp-content\/uploads\/2016\/08\/vente-parquet-naturel-CRIS-BTP.jpg\"><img decoding=\"async\" class=\"alignright size-thumbnail wp-image-3040\" src=\"https:\/\/www.deco-travaux.fr\/savoie\/wp-content\/uploads\/2016\/08\/vente-parquet-naturel-CRIS-BTP-150x150.jpg\" alt=\"vente parquet naturel CRIS BTP\" width=\"150\" height=\"150\"><\/a>CRIS BTP vend \u00e0 partir de la Savoie Tarentaise du parquet bois bouvet\u00e9 pouvant \u00eatre pos\u00e9 sans colle.<\/p>\n<p>Le choix est vari\u00e9 avec nombreux coloris, finitions et format de lames bois.<\/p>\n<p>Pr\u00e9f\u00e9rez des parquets modernes r\u00e9sistants \u00e0 l\u2019abrasion et aux chocs.<\/p>\n<p><a href=\"https:\/\/www.deco-travaux.fr\/savoie\/wp-content\/uploads\/2020\/08\/deco-travaux.fr-vente-vieux-bois-dexception-en-orme-en-parquet-pret-a-poser-pour-sol-et-mur-Val-dIsere-a-Albertville.jpg\"><img loading=\"lazy\" decoding=\"async\" class=\"alignright size-thumbnail wp-image-4721\" src=\"https:\/\/www.deco-travaux.fr\/savoie\/wp-content\/uploads\/2020\/08\/deco-travaux.fr-vente-vieux-bois-dexception-en-orme-en-parquet-pret-a-poser-pour-sol-et-mur-Val-dIsere-a-Albertville-150x150.jpg\" alt=\"\" width=\"150\" height=\"150\"><\/a><\/p>\n<p>Nous avons \u00e9t\u00e9 pl\u00e9biscit\u00e9s pour la vente de nos parquets multiplis lamell\u00e9s coll\u00e9s avec couche d&rsquo;usure importante en ch\u00eane, orme et vieux sapin.<\/p>\n<p><a href=\"https:\/\/www.deco-travaux.fr\/savoie\/wp-content\/uploads\/2018\/04\/magasin-Savoie-vente-parquet-lambris-et-vieux-bois-deco-travaux.fr0002.jpg\"><img loading=\"lazy\" decoding=\"async\" class=\"alignright size-thumbnail wp-image-4362\" src=\"https:\/\/www.deco-travaux.fr\/savoie\/wp-content\/uploads\/2018\/04\/magasin-Savoie-vente-parquet-lambris-et-vieux-bois-deco-travaux.fr0002-150x150.jpg\" alt=\"\" width=\"150\" height=\"150\"><\/a><a href=\"https:\/\/www.deco-travaux.fr\/savoie\/wp-content\/uploads\/2018\/04\/magasin-Savoie-vente-parquet-lambris-sans-fissure-vieux-bois-deco-travaux.fr_.jpg\"><img loading=\"lazy\" decoding=\"async\" class=\"alignright size-thumbnail wp-image-4364\" src=\"https:\/\/www.deco-travaux.fr\/savoie\/wp-content\/uploads\/2018\/04\/magasin-Savoie-vente-parquet-lambris-sans-fissure-vieux-bois-deco-travaux.fr_-150x150.jpg\" alt=\"\" width=\"150\" height=\"150\"><\/a><a href=\"https:\/\/www.deco-travaux.fr\/savoie\/wp-content\/uploads\/2018\/10\/magasin-Savoie-vente-bardage-parquet-lambris-et-vieux-bois-deco-travaux.fr_.jpg\"><img loading=\"lazy\" decoding=\"async\" class=\"alignright size-thumbnail wp-image-4440\" src=\"https:\/\/www.deco-travaux.fr\/savoie\/wp-content\/uploads\/2018\/10\/magasin-Savoie-vente-bardage-parquet-lambris-et-vieux-bois-deco-travaux.fr_-150x150.jpg\" alt=\"\" width=\"150\" height=\"150\"><\/a>Nous pouvons fabriquer le coloris que vous souhaitez.<\/p>\n<p>Nous vendons des parquets faciles d&rsquo;entretien. Les lames peuvent \u00eatre chanfrein\u00e9es.<\/p>\n<p>Tous nos parquets sont compatibles avec le chauffage au sol \u00e9lectrique ou hydraulique.<\/p>\n<p><span lang=\"en\">CRIS BTP sells from Savoy Tarentaise parquet flooring.<\/span><\/p>\n<p>&#8211;<\/p>\n<h3><span style=\"color: #33cccc; font-size: 14pt;\">Vente sol stratifi\u00e9<\/span><\/h3>\n<p><a href=\"https:\/\/www.deco-travaux.fr\/savoie\/wp-content\/uploads\/2016\/08\/vente-parquet-stratifi\u00e9-lames-clips-CRIS-BTP.jpg\"><img loading=\"lazy\" decoding=\"async\" class=\"alignright size-thumbnail wp-image-3044\" src=\"https:\/\/www.deco-travaux.fr\/savoie\/wp-content\/uploads\/2016\/08\/vente-parquet-stratifi\u00e9-lames-clips-CRIS-BTP-150x150.jpg\" alt=\"vente parquet stratifi\u00e9 lames clips CRIS BTP\" width=\"150\" height=\"150\"><\/a><a href=\"https:\/\/www.deco-travaux.fr\/savoie\/wp-content\/uploads\/2016\/08\/parquet-stratifi\u00e9-en-lames-CRIS-BTP.jpg\"><img loading=\"lazy\" decoding=\"async\" class=\"alignright size-thumbnail wp-image-3045\" src=\"https:\/\/www.deco-travaux.fr\/savoie\/wp-content\/uploads\/2016\/08\/parquet-stratifi\u00e9-en-lames-CRIS-BTP-150x150.jpg\" alt=\"parquet stratifi\u00e9 en lames CRIS BTP\" width=\"150\" height=\"150\"><\/a><a href=\"https:\/\/www.deco-travaux.fr\/savoie\/wp-content\/uploads\/2016\/08\/vente-sol-stratifi\u00e9-imitation-vieux-bois-CRIS-BTP.jpg\"><img loading=\"lazy\" decoding=\"async\" class=\"alignright size-thumbnail wp-image-3046\" src=\"https:\/\/www.deco-travaux.fr\/savoie\/wp-content\/uploads\/2016\/08\/vente-sol-stratifi\u00e9-imitation-vieux-bois-CRIS-BTP-150x150.jpg\" alt=\"vente sol stratifi\u00e9 imitation vieux bois CRIS BTP\" width=\"150\" height=\"150\"><\/a><a href=\"https:\/\/www.deco-travaux.fr\/savoie\/wp-content\/uploads\/2016\/08\/vente-parquet-stratifi\u00e9-clair-CRIS-BTP.jpg\"><img loading=\"lazy\" decoding=\"async\" class=\"alignright size-thumbnail wp-image-3047\" src=\"https:\/\/www.deco-travaux.fr\/savoie\/wp-content\/uploads\/2016\/08\/vente-parquet-stratifi\u00e9-clair-CRIS-BTP-150x150.jpg\" alt=\"vente parquet stratifi\u00e9 clair CRIS BTP\" width=\"150\" height=\"150\"><\/a>Comme le parquet, le stratifi\u00e9 est de haute qualit\u00e9 et tr\u00e8s r\u00e9sistant.<\/p>\n<p>Les tons et formats sont nombreux et imitent le parquet bois naturel \u00e0 la perfection.<\/p>\n<p>D\u00e9couvrez la gamme de stratifi\u00e9 vieux bois vendue par CRIS BTP.<\/p>\n<p>&#8211;<\/p>\n<h3><span style=\"color: #33cccc; font-size: 14pt;\">Vente sol plastique souple<\/span><\/h3>\n<p>CRIS BTP vend des marques reconnues de fabricants de sol plastique.<\/p>\n<p>Choisissez vos couleurs et designs en lames, rouleaux ou dalles.<\/p>\n<p><a href=\"https:\/\/www.deco-travaux.fr\/savoie\/wp-content\/uploads\/2016\/08\/sol-souple-tiss\u00e9-CRIS-BTP.jpg\"><img loading=\"lazy\" decoding=\"async\" class=\"alignright size-thumbnail wp-image-3049\" src=\"https:\/\/www.deco-travaux.fr\/savoie\/wp-content\/uploads\/2016\/08\/sol-souple-tiss\u00e9-CRIS-BTP-150x150.jpg\" alt=\"sol souple tiss\u00e9 CRIS BTP\" width=\"150\" height=\"150\"><\/a><a href=\"https:\/\/www.deco-travaux.fr\/savoie\/wp-content\/uploads\/2016\/08\/sol-souple-IMITATION-PARQUET-CRIS-BTP.jpg\"><img loading=\"lazy\" decoding=\"async\" class=\"alignright size-thumbnail wp-image-3050\" src=\"https:\/\/www.deco-travaux.fr\/savoie\/wp-content\/uploads\/2016\/08\/sol-souple-IMITATION-PARQUET-CRIS-BTP-150x150.jpg\" alt=\"sol souple IMITATION PARQUET CRIS BTP\" width=\"150\" height=\"150\"><\/a><a href=\"https:\/\/www.deco-travaux.fr\/savoie\/wp-content\/uploads\/2016\/08\/vente-sol-vinyl-imite-bois-gris-blanc-CRIS-BTP.jpg\"><img loading=\"lazy\" decoding=\"async\" class=\"alignright size-thumbnail wp-image-3051\" src=\"https:\/\/www.deco-travaux.fr\/savoie\/wp-content\/uploads\/2016\/08\/vente-sol-vinyl-imite-bois-gris-blanc-CRIS-BTP-150x150.jpg\" alt=\"vente sol vinyl imite bois gris blanc CRIS BTP\" width=\"150\" height=\"150\"><\/a><a href=\"https:\/\/www.deco-travaux.fr\/savoie\/wp-content\/uploads\/2015\/02\/vente-rev\u00eatements-mur-et-sol-souple-pierre-CRIS-BTP.jpg\"><img loading=\"lazy\" decoding=\"async\" class=\"alignright wp-image-3300 size-thumbnail\" src=\"https:\/\/www.deco-travaux.fr\/savoie\/wp-content\/uploads\/2015\/02\/vente-rev\u00eatements-mur-et-sol-souple-pierre-CRIS-BTP-150x150.jpg\" alt=\"\" width=\"150\" height=\"150\"><\/a>Pr\u00e9f\u00e9rez des sols plastique PVC ou polypropyl\u00e8ne r\u00e9sistants pour r\u00e9sidences, bureaux, &nbsp;et magasins.<\/p>\n<p>Ils r\u00e9sistent \u00e0 l\u2019humidit\u00e9 et&nbsp;aux taches. Ils peuvent supporter un trafic pi\u00e9ton \u00e9lev\u00e9,&nbsp;pour les commerces, h\u00f4tels,&nbsp;bureaux&nbsp;ou les r\u00e9sidences. Ces sols plastiques peuvent retransmettre la chaleur et diminuer le bruit. Ces rev\u00eatements de sol vinyle imitent&nbsp;l\u2019aspect du bois, du b\u00e9ton et autre&nbsp;avec de vastes coloris.<\/p>\n<p><a href=\"https:\/\/www.deco-travaux.fr\/savoie\/wp-content\/uploads\/2018\/03\/vente-sol-vynil-moderne-imitation-bois-bross\u00e9-Savoie-CRIS-BTPdeco-travaux.fr_.jpg\"><img loading=\"lazy\" decoding=\"async\" class=\"alignleft size-thumbnail wp-image-4065\" src=\"https:\/\/www.deco-travaux.fr\/savoie\/wp-content\/uploads\/2018\/03\/vente-sol-vynil-moderne-imitation-bois-bross\u00e9-Savoie-CRIS-BTPdeco-travaux.fr_-150x150.jpg\" alt=\"\" width=\"150\" height=\"150\"><\/a><a href=\"https:\/\/www.deco-travaux.fr\/savoie\/wp-content\/uploads\/2018\/03\/vente-sol-vynil-moderne-imitation-bois-parquet-Savoie-CRIS-BTPdeco-travaux.fr_.jpg\"><img loading=\"lazy\" decoding=\"async\" class=\"alignleft size-thumbnail wp-image-4064\" src=\"https:\/\/www.deco-travaux.fr\/savoie\/wp-content\/uploads\/2018\/03\/vente-sol-vynil-moderne-imitation-bois-parquet-Savoie-CRIS-BTPdeco-travaux.fr_-150x150.jpg\" alt=\"\" width=\"150\" height=\"150\"><\/a><a href=\"https:\/\/www.deco-travaux.fr\/savoie\/wp-content\/uploads\/2018\/03\/vente-sol-vynil-moderne-imitation-bois-clair-Savoie-CRIS-BTPdeco-travaux.fr_.jpg\"><img loading=\"lazy\" decoding=\"async\" class=\"alignleft size-thumbnail wp-image-4063\" src=\"https:\/\/www.deco-travaux.fr\/savoie\/wp-content\/uploads\/2018\/03\/vente-sol-vynil-moderne-imitation-bois-clair-Savoie-CRIS-BTPdeco-travaux.fr_-150x150.jpg\" alt=\"\" width=\"150\" height=\"150\"><\/a>Les lames se clipsent facilement. D\u00e9co-travaux.fr vend des planchers \u00e0 lames ou rouleaux avec<span lang=\"fr\">&nbsp;effet bois bross\u00e9 ou type vieux bois qui imitent parfaitement le bois massif.<\/span><\/p>\n<p>&nbsp;<\/p>\n<p>La moquette ou les sols souples type Flotex peuvent \u00eatre facilement nettoyable tout en \u00e9tant tendance.<\/p>\n<p>CRIS BTP vend \u00e9galement des tapis dont tapis innovants et r\u00e9sistants pour vos entr\u00e9es.<\/p>\n<p>&#8211;<\/p>\n<p>CRIS BTP magasin de vente en Savoie parquet bois, stratifi\u00e9s, sols souples plastiques ou moquettes.<\/p>\n<p><em>CRIS BTP sales shop in Savoie wood flooring, laminates, soft plastic floors or carpets.<\/em><\/p>\n<p>&nbsp;<\/p>\n<p>&nbsp;<\/p>\n","protected":false},"excerpt":{"rendered":"<p>Vente parquet bois en Savoie CRIS BTP vend \u00e0 partir de la Savoie Tarentaise du parquet bois bouvet\u00e9 pouvant \u00eatre pos\u00e9 sans colle. Le choix est vari\u00e9 avec nombreux coloris, finitions et format de lames bois. Pr\u00e9f\u00e9rez des parquets modernes r\u00e9sistants \u00e0 l\u2019abrasion et aux chocs. Nous avons \u00e9t\u00e9 pl\u00e9biscit\u00e9s pour la vente de nos [&hellip;]<\/p>\n","protected":false},"author":2,"featured_media":0,"parent":0,"menu_order":0,"comment_status":"closed","ping_status":"closed","template":"","meta":{"_monsterinsights_skip_tracking":false,"_monsterinsights_sitenote_active":false,"_monsterinsights_sitenote_note":"","_monsterinsights_sitenote_category":0,"ngg_post_thumbnail":0,"footnotes":"","_links_to":"","_links_to_target":""},"class_list":["post-3025","page","type-page","status-publish","hentry"],"yoast_head":"<!-- This site is optimized with the Yoast SEO plugin v27.4 - https:\/\/yoast.com\/product\/yoast-seo-wordpress\/ -->\n<title>vente parquet bois, stratifi\u00e9, sol plastique par CRIS BTP en Savoie<\/title>\n<meta name=\"description\" content=\"vente parquet bois, stratifi\u00e9, sol plastique par CRIS BTP en Savoie. Nombreux choix de coloris, finitions et formats en rev\u00eatements sol et mur tout budget\" \/>\n<meta name=\"robots\" content=\"index, follow, max-snippet:-1, max-image-preview:large, max-video-preview:-1\" \/>\n<link rel=\"canonical\" href=\"https:\/\/www.deco-travaux.fr\/savoie\/vente-parquet-stratifie-sol-plastique\/\" \/>\n<meta property=\"og:locale\" content=\"fr_FR\" \/>\n<meta property=\"og:type\" content=\"article\" \/>\n<meta property=\"og:title\" content=\"vente parquet bois, stratifi\u00e9, sol plastique par CRIS BTP en Savoie\" \/>\n<meta property=\"og:description\" content=\"vente parquet bois, stratifi\u00e9, sol plastique par CRIS BTP en Savoie. Nombreux choix de coloris, finitions et formats en rev\u00eatements sol et mur tout budget\" \/>\n<meta property=\"og:url\" content=\"https:\/\/www.deco-travaux.fr\/savoie\/vente-parquet-stratifie-sol-plastique\/\" \/>\n<meta property=\"og:site_name\" content=\"Magasin Christelle carrelage, cuisines, salle de bain, menuiserie\" \/>\n<meta property=\"article:publisher\" content=\"https:\/\/www.facebook.com\/chrisdecotravaux\/\" \/>\n<meta property=\"article:modified_time\" content=\"2020-08-21T20:00:17+00:00\" \/>\n<meta property=\"og:image\" content=\"http:\/\/www.deco-travaux.fr\/savoie\/wp-content\/uploads\/2016\/08\/vente-parquet-bois-Savoie-CRIS-BTP-150x150.jpg\" \/>\n<meta name=\"twitter:label1\" content=\"Dur\u00e9e de lecture estim\u00e9e\" \/>\n\t<meta name=\"twitter:data1\" content=\"2 minutes\" \/>\n<script type=\"application\/ld+json\" class=\"yoast-schema-graph\">{\"@context\":\"https:\\\/\\\/schema.org\",\"@graph\":[{\"@type\":\"WebPage\",\"@id\":\"https:\\\/\\\/www.deco-travaux.fr\\\/savoie\\\/vente-parquet-stratifie-sol-plastique\\\/\",\"url\":\"https:\\\/\\\/www.deco-travaux.fr\\\/savoie\\\/vente-parquet-stratifie-sol-plastique\\\/\",\"name\":\"vente parquet bois, stratifi\u00e9, sol plastique par CRIS BTP en Savoie\",\"isPartOf\":{\"@id\":\"https:\\\/\\\/www.deco-travaux.fr\\\/savoie\\\/#website\"},\"primaryImageOfPage\":{\"@id\":\"https:\\\/\\\/www.deco-travaux.fr\\\/savoie\\\/vente-parquet-stratifie-sol-plastique\\\/#primaryimage\"},\"image\":{\"@id\":\"https:\\\/\\\/www.deco-travaux.fr\\\/savoie\\\/vente-parquet-stratifie-sol-plastique\\\/#primaryimage\"},\"thumbnailUrl\":\"http:\\\/\\\/www.deco-travaux.fr\\\/savoie\\\/wp-content\\\/uploads\\\/2016\\\/08\\\/vente-parquet-bois-Savoie-CRIS-BTP-150x150.jpg\",\"datePublished\":\"2016-08-12T12:36:40+00:00\",\"dateModified\":\"2020-08-21T20:00:17+00:00\",\"description\":\"vente parquet bois, stratifi\u00e9, sol plastique par CRIS BTP en Savoie. Nombreux choix de coloris, finitions et formats en rev\u00eatements sol et mur tout budget\",\"breadcrumb\":{\"@id\":\"https:\\\/\\\/www.deco-travaux.fr\\\/savoie\\\/vente-parquet-stratifie-sol-plastique\\\/#breadcrumb\"},\"inLanguage\":\"fr-FR\",\"potentialAction\":[{\"@type\":\"ReadAction\",\"target\":[\"https:\\\/\\\/www.deco-travaux.fr\\\/savoie\\\/vente-parquet-stratifie-sol-plastique\\\/\"]}]},{\"@type\":\"ImageObject\",\"inLanguage\":\"fr-FR\",\"@id\":\"https:\\\/\\\/www.deco-travaux.fr\\\/savoie\\\/vente-parquet-stratifie-sol-plastique\\\/#primaryimage\",\"url\":\"http:\\\/\\\/www.deco-travaux.fr\\\/savoie\\\/wp-content\\\/uploads\\\/2016\\\/08\\\/vente-parquet-bois-Savoie-CRIS-BTP-150x150.jpg\",\"contentUrl\":\"http:\\\/\\\/www.deco-travaux.fr\\\/savoie\\\/wp-content\\\/uploads\\\/2016\\\/08\\\/vente-parquet-bois-Savoie-CRIS-BTP-150x150.jpg\"},{\"@type\":\"BreadcrumbList\",\"@id\":\"https:\\\/\\\/www.deco-travaux.fr\\\/savoie\\\/vente-parquet-stratifie-sol-plastique\\\/#breadcrumb\",\"itemListElement\":[{\"@type\":\"ListItem\",\"position\":1,\"name\":\"Accueil\",\"item\":\"https:\\\/\\\/www.deco-travaux.fr\\\/savoie\\\/\"},{\"@type\":\"ListItem\",\"position\":2,\"name\":\"Vente parquet, stratifi\u00e9, sol plastique\"}]},{\"@type\":\"WebSite\",\"@id\":\"https:\\\/\\\/www.deco-travaux.fr\\\/savoie\\\/#website\",\"url\":\"https:\\\/\\\/www.deco-travaux.fr\\\/savoie\\\/\",\"name\":\"Magasin Christelle carrelage, cuisines, salle de bain, menuiserie\",\"description\":\"Magasin expo de produits exceptionnels \u00e0 prix bas \u00e0 5 minutes de Bourg Saint Maurice et Aime La Plagne Tarentaise en Savoie 73\",\"potentialAction\":[{\"@type\":\"SearchAction\",\"target\":{\"@type\":\"EntryPoint\",\"urlTemplate\":\"https:\\\/\\\/www.deco-travaux.fr\\\/savoie\\\/?s={search_term_string}\"},\"query-input\":{\"@type\":\"PropertyValueSpecification\",\"valueRequired\":true,\"valueName\":\"search_term_string\"}}],\"inLanguage\":\"fr-FR\"}]}<\/script>\n<!-- \/ Yoast SEO plugin. -->","yoast_head_json":{"title":"vente parquet bois, stratifi\u00e9, sol plastique par CRIS BTP en Savoie","description":"vente parquet bois, stratifi\u00e9, sol plastique par CRIS BTP en Savoie. Nombreux choix de coloris, finitions et formats en rev\u00eatements sol et mur tout budget","robots":{"index":"index","follow":"follow","max-snippet":"max-snippet:-1","max-image-preview":"max-image-preview:large","max-video-preview":"max-video-preview:-1"},"canonical":"https:\/\/www.deco-travaux.fr\/savoie\/vente-parquet-stratifie-sol-plastique\/","og_locale":"fr_FR","og_type":"article","og_title":"vente parquet bois, stratifi\u00e9, sol plastique par CRIS BTP en Savoie","og_description":"vente parquet bois, stratifi\u00e9, sol plastique par CRIS BTP en Savoie. Nombreux choix de coloris, finitions et formats en rev\u00eatements sol et mur tout budget","og_url":"https:\/\/www.deco-travaux.fr\/savoie\/vente-parquet-stratifie-sol-plastique\/","og_site_name":"Magasin Christelle carrelage, cuisines, salle de bain, menuiserie","article_publisher":"https:\/\/www.facebook.com\/chrisdecotravaux\/","article_modified_time":"2020-08-21T20:00:17+00:00","og_image":[{"url":"http:\/\/www.deco-travaux.fr\/savoie\/wp-content\/uploads\/2016\/08\/vente-parquet-bois-Savoie-CRIS-BTP-150x150.jpg","type":"","width":"","height":""}],"twitter_misc":{"Dur\u00e9e de lecture estim\u00e9e":"2 minutes"},"schema":{"@context":"https:\/\/schema.org","@graph":[{"@type":"WebPage","@id":"https:\/\/www.deco-travaux.fr\/savoie\/vente-parquet-stratifie-sol-plastique\/","url":"https:\/\/www.deco-travaux.fr\/savoie\/vente-parquet-stratifie-sol-plastique\/","name":"vente parquet bois, stratifi\u00e9, sol plastique par CRIS BTP en Savoie","isPartOf":{"@id":"https:\/\/www.deco-travaux.fr\/savoie\/#website"},"primaryImageOfPage":{"@id":"https:\/\/www.deco-travaux.fr\/savoie\/vente-parquet-stratifie-sol-plastique\/#primaryimage"},"image":{"@id":"https:\/\/www.deco-travaux.fr\/savoie\/vente-parquet-stratifie-sol-plastique\/#primaryimage"},"thumbnailUrl":"http:\/\/www.deco-travaux.fr\/savoie\/wp-content\/uploads\/2016\/08\/vente-parquet-bois-Savoie-CRIS-BTP-150x150.jpg","datePublished":"2016-08-12T12:36:40+00:00","dateModified":"2020-08-21T20:00:17+00:00","description":"vente parquet bois, stratifi\u00e9, sol plastique par CRIS BTP en Savoie. Nombreux choix de coloris, finitions et formats en rev\u00eatements sol et mur tout budget","breadcrumb":{"@id":"https:\/\/www.deco-travaux.fr\/savoie\/vente-parquet-stratifie-sol-plastique\/#breadcrumb"},"inLanguage":"fr-FR","potentialAction":[{"@type":"ReadAction","target":["https:\/\/www.deco-travaux.fr\/savoie\/vente-parquet-stratifie-sol-plastique\/"]}]},{"@type":"ImageObject","inLanguage":"fr-FR","@id":"https:\/\/www.deco-travaux.fr\/savoie\/vente-parquet-stratifie-sol-plastique\/#primaryimage","url":"http:\/\/www.deco-travaux.fr\/savoie\/wp-content\/uploads\/2016\/08\/vente-parquet-bois-Savoie-CRIS-BTP-150x150.jpg","contentUrl":"http:\/\/www.deco-travaux.fr\/savoie\/wp-content\/uploads\/2016\/08\/vente-parquet-bois-Savoie-CRIS-BTP-150x150.jpg"},{"@type":"BreadcrumbList","@id":"https:\/\/www.deco-travaux.fr\/savoie\/vente-parquet-stratifie-sol-plastique\/#breadcrumb","itemListElement":[{"@type":"ListItem","position":1,"name":"Accueil","item":"https:\/\/www.deco-travaux.fr\/savoie\/"},{"@type":"ListItem","position":2,"name":"Vente parquet, stratifi\u00e9, sol plastique"}]},{"@type":"WebSite","@id":"https:\/\/www.deco-travaux.fr\/savoie\/#website","url":"https:\/\/www.deco-travaux.fr\/savoie\/","name":"Magasin Christelle carrelage, cuisines, salle de bain, menuiserie","description":"Magasin expo de produits exceptionnels \u00e0 prix bas \u00e0 5 minutes de Bourg Saint Maurice et Aime La Plagne Tarentaise en Savoie 73","potentialAction":[{"@type":"SearchAction","target":{"@type":"EntryPoint","urlTemplate":"https:\/\/www.deco-travaux.fr\/savoie\/?s={search_term_string}"},"query-input":{"@type":"PropertyValueSpecification","valueRequired":true,"valueName":"search_term_string"}}],"inLanguage":"fr-FR"}]}},"_links":{"self":[{"href":"https:\/\/www.deco-travaux.fr\/savoie\/wp-json\/wp\/v2\/pages\/3025","targetHints":{"allow":["GET"]}}],"collection":[{"href":"https:\/\/www.deco-travaux.fr\/savoie\/wp-json\/wp\/v2\/pages"}],"about":[{"href":"https:\/\/www.deco-travaux.fr\/savoie\/wp-json\/wp\/v2\/types\/page"}],"author":[{"embeddable":true,"href":"https:\/\/www.deco-travaux.fr\/savoie\/wp-json\/wp\/v2\/users\/2"}],"replies":[{"embeddable":true,"href":"https:\/\/www.deco-travaux.fr\/savoie\/wp-json\/wp\/v2\/comments?post=3025"}],"version-history":[{"count":24,"href":"https:\/\/www.deco-travaux.fr\/savoie\/wp-json\/wp\/v2\/pages\/3025\/revisions"}],"predecessor-version":[{"id":4722,"href":"https:\/\/www.deco-travaux.fr\/savoie\/wp-json\/wp\/v2\/pages\/3025\/revisions\/4722"}],"wp:attachment":[{"href":"https:\/\/www.deco-travaux.fr\/savoie\/wp-json\/wp\/v2\/media?parent=3025"}],"curies":[{"name":"wp","href":"https:\/\/api.w.org\/{rel}","templated":true}]}}