{"id":23,"date":"2013-06-12T14:25:19","date_gmt":"2013-06-12T13:25:19","guid":{"rendered":"http:\/\/www.deco-travaux.fr\/savoie\/?page_id=23"},"modified":"2016-07-05T22:01:46","modified_gmt":"2016-07-05T21:01:46","slug":"contact","status":"publish","type":"page","link":"https:\/\/www.deco-travaux.fr\/savoie\/contact\/","title":{"rendered":"Contact"},"content":{"rendered":"\n<div class=\"wpcf7 no-js\" id=\"wpcf7-f18-o1\" lang=\"\" dir=\"ltr\" data-wpcf7-id=\"18\">\n<div class=\"screen-reader-response\"><p role=\"status\" aria-live=\"polite\" aria-atomic=\"true\"><\/p> <ul><\/ul><\/div>\n<form action=\"\/savoie\/wp-json\/wp\/v2\/pages\/23#wpcf7-f18-o1\" method=\"post\" class=\"wpcf7-form init\" aria-label=\"Formulaire de contact\" novalidate=\"novalidate\" data-status=\"init\">\n<fieldset class=\"hidden-fields-container\"><input type=\"hidden\" name=\"_wpcf7\" value=\"18\" \/><input type=\"hidden\" name=\"_wpcf7_version\" value=\"6.1.5\" \/><input type=\"hidden\" name=\"_wpcf7_locale\" value=\"\" \/><input type=\"hidden\" name=\"_wpcf7_unit_tag\" value=\"wpcf7-f18-o1\" \/><input type=\"hidden\" name=\"_wpcf7_container_post\" value=\"0\" \/><input type=\"hidden\" name=\"_wpcf7_posted_data_hash\" value=\"\" \/>\n<\/fieldset>\n<div style=\"float: right; text-align: right;\">\n\t<p style=\"color: red; \">* <em>Champs Obligatoires.<\/em>\n\t<\/p>\n\t<p><img decoding=\"async\" src=\"http:\/\/www.deco-travaux.fr\/savoie\/wp-content\/uploads\/2016\/07\/logo-CRIS-BTP-deco-travaux-accueil.jpg\" style=\"width: 200px; height: auto;\" alt=\"Deco Travaux - Cris BTP : Ma\u00eetre d'\u0153uvre en Savoie et vente produits du b\u00e2timent\" title=\"Deco Travaux - Cris BTP : Ma\u00eetre d'\u0153uvre en Savoie et vente produits du b\u00e2timent\" \/>\n\t<\/p>\n\t<div style=\"margin-right: 40px;\">\n\t\t<p><strong>CRIS BTP<\/strong>\n\t\t<\/p>\n\t\t<p>Christelle Blanchet\n\t\t<\/p>\n\t\t<p>Montchavin La Plagne\n\t\t<\/p>\n\t\t<p>73210 La Plagne Tarentaise\n\t\t<\/p>\n\t\t<p><strong>Tel :<\/strong> 06 73 78 83 85\n\t\t<\/p>\n\t<\/div>\n<\/div>\n<p style=\"color: #dededc; font-size: 14px;\">1\u00b0) D\u00e9tails personnels\n<\/p>\n<p style=\"text-align: left;\"><span class=\"wpcf7-form-control-wrap\" data-name=\"nom\"><input size=\"40\" maxlength=\"400\" class=\"wpcf7-form-control wpcf7-text wpcf7-validates-as-required\" aria-required=\"true\" aria-invalid=\"false\" placeholder=\"Nom *\" value=\"\" type=\"text\" name=\"nom\" \/><\/span>\n<\/p>\n<p style=\"text-align: left; \"><span class=\"wpcf7-form-control-wrap\" data-name=\"prenom\"><input size=\"40\" maxlength=\"400\" class=\"wpcf7-form-control wpcf7-text wpcf7-validates-as-required\" aria-required=\"true\" aria-invalid=\"false\" placeholder=\"Pr\u00e9nom *\" value=\"\" type=\"text\" name=\"prenom\" \/><\/span>\n<\/p>\n<p style=\"text-align: left; \"><span class=\"wpcf7-form-control-wrap\" data-name=\"tel\"><input size=\"20\" maxlength=\"400\" class=\"wpcf7-form-control wpcf7-text wpcf7-validates-as-required\" aria-required=\"true\" aria-invalid=\"false\" placeholder=\"T\u00e9l\u00e9phone *\" value=\"\" type=\"text\" name=\"tel\" \/><\/span>\n<\/p>\n<p style=\"text-align: left; \"><span class=\"wpcf7-form-control-wrap\" data-name=\"email\"><input size=\"24\" maxlength=\"400\" class=\"wpcf7-form-control wpcf7-email wpcf7-validates-as-required wpcf7-text wpcf7-validates-as-email\" aria-required=\"true\" aria-invalid=\"false\" placeholder=\"E-mail *\" value=\"\" type=\"email\" name=\"email\" \/><\/span>\n<\/p>\n<p style=\"color: #dededc; font-size: 14px; \">2\u00b0) Message\n<\/p>\n<p style=\"text-align: left; \"><span class=\"wpcf7-form-control-wrap\" data-name=\"commentaires\"><textarea cols=\"40\" rows=\"6\" maxlength=\"2000\" class=\"wpcf7-form-control wpcf7-textarea\" aria-invalid=\"false\" placeholder=\"Message\" name=\"commentaires\"><\/textarea><\/span>\n<\/p>\n<p style=\"text-align: left; \">Veuillez copier le code inscrit ci-dessous <span style=\"font-style: italic;\">(pour lutter contre les robots spammeurs)<\/span><span style=\"color: red\">*<\/span>\n<\/p>\n<p><input type=\"hidden\" name=\"_wpcf7_captcha_challenge_code\" value=\"3830887350\" \/><img decoding=\"async\" class=\"wpcf7-form-control wpcf7-captchac wpcf7-captcha-code\" width=\"84\" height=\"28\" alt=\"captcha\" src=\"https:\/\/www.deco-travaux.fr\/savoie\/wp-content\/uploads\/wpcf7_captcha\/3830887350.png\" \/><span class=\"wpcf7-form-control-wrap\" data-name=\"code\"><input size=\"4\" maxlength=\"4\" class=\"wpcf7-form-control wpcf7-captchar\" autocomplete=\"off\" aria-invalid=\"false\" value=\"\" type=\"text\" name=\"code\" \/><\/span>\n<\/p>\n<p style=\"text-align: center; \"><input class=\"wpcf7-form-control wpcf7-submit has-spinner\" type=\"submit\" value=\"Envoyer\" \/>\n<\/p>\n<p style=\"text-align: left; font-style: italic;\"><br \/>\nConform\u00e9ment \u00e0 la loi Informatique et Libert\u00e9s du 6 janvier 1978, vous disposez d'un droit d'acc\u00e8s et de rectification des donn\u00e9es personnelles vous concernant. Seule notre soci\u00e9t\u00e9 est destinataire des informations que vous lui communiquez.\n<\/p><div class=\"wpcf7-response-output\" aria-hidden=\"true\"><\/div>\n<\/form>\n<\/div>\n\n","protected":false},"excerpt":{"rendered":"","protected":false},"author":2,"featured_media":0,"parent":0,"menu_order":100,"comment_status":"closed","ping_status":"closed","template":"","meta":{"_monsterinsights_skip_tracking":false,"_monsterinsights_sitenote_active":false,"_monsterinsights_sitenote_note":"","_monsterinsights_sitenote_category":0,"ngg_post_thumbnail":0,"footnotes":"","_links_to":"","_links_to_target":""},"class_list":["post-23","page","type-page","status-publish","hentry"],"yoast_head":"<!-- This site is optimized with the Yoast SEO plugin v27.4 - https:\/\/yoast.com\/product\/yoast-seo-wordpress\/ -->\n<title>CRIS BTP - DECO TRAVAUX architecte d\u00e9corateur, n\u00e9goce mat\u00e9riaux Savoie<\/title>\n<meta name=\"description\" content=\"Pour votre construction ou r\u00e9novation contactez CRIS BTP ma\u00eetre d\u2019\u0153uvre d\u00e9corateur, architecte d&#039;int\u00e9rieur en Savoie. Achetez vos mat\u00e9riaux sur DECO TRAVAUX\" \/>\n<meta name=\"robots\" content=\"index, follow, max-snippet:-1, max-image-preview:large, max-video-preview:-1\" \/>\n<link rel=\"canonical\" href=\"https:\/\/www.deco-travaux.fr\/savoie\/contact\/\" \/>\n<meta property=\"og:locale\" content=\"fr_FR\" \/>\n<meta property=\"og:type\" content=\"article\" \/>\n<meta property=\"og:title\" content=\"CRIS BTP - DECO TRAVAUX architecte d\u00e9corateur, n\u00e9goce mat\u00e9riaux Savoie\" \/>\n<meta property=\"og:description\" content=\"Pour votre construction ou r\u00e9novation contactez CRIS BTP ma\u00eetre d\u2019\u0153uvre d\u00e9corateur, architecte d&#039;int\u00e9rieur en Savoie. Achetez vos mat\u00e9riaux sur DECO TRAVAUX\" \/>\n<meta property=\"og:url\" content=\"https:\/\/www.deco-travaux.fr\/savoie\/contact\/\" \/>\n<meta property=\"og:site_name\" content=\"Magasin Christelle carrelage, cuisines, salle de bain, menuiserie\" \/>\n<meta property=\"article:publisher\" content=\"https:\/\/www.facebook.com\/chrisdecotravaux\/\" \/>\n<meta property=\"article:modified_time\" content=\"2016-07-05T21:01:46+00:00\" \/>\n<meta property=\"og:image\" content=\"https:\/\/www.deco-travaux.fr\/savoie\/wp-content\/uploads\/2016\/10\/bacebook-icone.png\" \/>\n\t<meta property=\"og:image:width\" content=\"325\" \/>\n\t<meta property=\"og:image:height\" content=\"325\" \/>\n\t<meta property=\"og:image:type\" content=\"image\/png\" \/>\n<script type=\"application\/ld+json\" class=\"yoast-schema-graph\">{\"@context\":\"https:\\\/\\\/schema.org\",\"@graph\":[{\"@type\":\"WebPage\",\"@id\":\"https:\\\/\\\/www.deco-travaux.fr\\\/savoie\\\/contact\\\/\",\"url\":\"https:\\\/\\\/www.deco-travaux.fr\\\/savoie\\\/contact\\\/\",\"name\":\"CRIS BTP - DECO TRAVAUX architecte d\u00e9corateur, n\u00e9goce mat\u00e9riaux Savoie\",\"isPartOf\":{\"@id\":\"https:\\\/\\\/www.deco-travaux.fr\\\/savoie\\\/#website\"},\"datePublished\":\"2013-06-12T13:25:19+00:00\",\"dateModified\":\"2016-07-05T21:01:46+00:00\",\"description\":\"Pour votre construction ou r\u00e9novation contactez CRIS BTP ma\u00eetre d\u2019\u0153uvre d\u00e9corateur, architecte d'int\u00e9rieur en Savoie. Achetez vos mat\u00e9riaux sur DECO TRAVAUX\",\"breadcrumb\":{\"@id\":\"https:\\\/\\\/www.deco-travaux.fr\\\/savoie\\\/contact\\\/#breadcrumb\"},\"inLanguage\":\"fr-FR\",\"potentialAction\":[{\"@type\":\"ReadAction\",\"target\":[\"https:\\\/\\\/www.deco-travaux.fr\\\/savoie\\\/contact\\\/\"]}]},{\"@type\":\"BreadcrumbList\",\"@id\":\"https:\\\/\\\/www.deco-travaux.fr\\\/savoie\\\/contact\\\/#breadcrumb\",\"itemListElement\":[{\"@type\":\"ListItem\",\"position\":1,\"name\":\"Accueil\",\"item\":\"https:\\\/\\\/www.deco-travaux.fr\\\/savoie\\\/\"},{\"@type\":\"ListItem\",\"position\":2,\"name\":\"Contact\"}]},{\"@type\":\"WebSite\",\"@id\":\"https:\\\/\\\/www.deco-travaux.fr\\\/savoie\\\/#website\",\"url\":\"https:\\\/\\\/www.deco-travaux.fr\\\/savoie\\\/\",\"name\":\"Magasin Christelle carrelage, cuisines, salle de bain, menuiserie\",\"description\":\"Magasin expo de produits exceptionnels \u00e0 prix bas \u00e0 5 minutes de Bourg Saint Maurice et Aime La Plagne Tarentaise en Savoie 73\",\"potentialAction\":[{\"@type\":\"SearchAction\",\"target\":{\"@type\":\"EntryPoint\",\"urlTemplate\":\"https:\\\/\\\/www.deco-travaux.fr\\\/savoie\\\/?s={search_term_string}\"},\"query-input\":{\"@type\":\"PropertyValueSpecification\",\"valueRequired\":true,\"valueName\":\"search_term_string\"}}],\"inLanguage\":\"fr-FR\"}]}<\/script>\n<!-- \/ Yoast SEO plugin. -->","yoast_head_json":{"title":"CRIS BTP - DECO TRAVAUX architecte d\u00e9corateur, n\u00e9goce mat\u00e9riaux Savoie","description":"Pour votre construction ou r\u00e9novation contactez CRIS BTP ma\u00eetre d\u2019\u0153uvre d\u00e9corateur, architecte d'int\u00e9rieur en Savoie. Achetez vos mat\u00e9riaux sur DECO TRAVAUX","robots":{"index":"index","follow":"follow","max-snippet":"max-snippet:-1","max-image-preview":"max-image-preview:large","max-video-preview":"max-video-preview:-1"},"canonical":"https:\/\/www.deco-travaux.fr\/savoie\/contact\/","og_locale":"fr_FR","og_type":"article","og_title":"CRIS BTP - DECO TRAVAUX architecte d\u00e9corateur, n\u00e9goce mat\u00e9riaux Savoie","og_description":"Pour votre construction ou r\u00e9novation contactez CRIS BTP ma\u00eetre d\u2019\u0153uvre d\u00e9corateur, architecte d'int\u00e9rieur en Savoie. Achetez vos mat\u00e9riaux sur DECO TRAVAUX","og_url":"https:\/\/www.deco-travaux.fr\/savoie\/contact\/","og_site_name":"Magasin Christelle carrelage, cuisines, salle de bain, menuiserie","article_publisher":"https:\/\/www.facebook.com\/chrisdecotravaux\/","article_modified_time":"2016-07-05T21:01:46+00:00","og_image":[{"width":325,"height":325,"url":"https:\/\/www.deco-travaux.fr\/savoie\/wp-content\/uploads\/2016\/10\/bacebook-icone.png","type":"image\/png"}],"schema":{"@context":"https:\/\/schema.org","@graph":[{"@type":"WebPage","@id":"https:\/\/www.deco-travaux.fr\/savoie\/contact\/","url":"https:\/\/www.deco-travaux.fr\/savoie\/contact\/","name":"CRIS BTP - DECO TRAVAUX architecte d\u00e9corateur, n\u00e9goce mat\u00e9riaux Savoie","isPartOf":{"@id":"https:\/\/www.deco-travaux.fr\/savoie\/#website"},"datePublished":"2013-06-12T13:25:19+00:00","dateModified":"2016-07-05T21:01:46+00:00","description":"Pour votre construction ou r\u00e9novation contactez CRIS BTP ma\u00eetre d\u2019\u0153uvre d\u00e9corateur, architecte d'int\u00e9rieur en Savoie. Achetez vos mat\u00e9riaux sur DECO TRAVAUX","breadcrumb":{"@id":"https:\/\/www.deco-travaux.fr\/savoie\/contact\/#breadcrumb"},"inLanguage":"fr-FR","potentialAction":[{"@type":"ReadAction","target":["https:\/\/www.deco-travaux.fr\/savoie\/contact\/"]}]},{"@type":"BreadcrumbList","@id":"https:\/\/www.deco-travaux.fr\/savoie\/contact\/#breadcrumb","itemListElement":[{"@type":"ListItem","position":1,"name":"Accueil","item":"https:\/\/www.deco-travaux.fr\/savoie\/"},{"@type":"ListItem","position":2,"name":"Contact"}]},{"@type":"WebSite","@id":"https:\/\/www.deco-travaux.fr\/savoie\/#website","url":"https:\/\/www.deco-travaux.fr\/savoie\/","name":"Magasin Christelle carrelage, cuisines, salle de bain, menuiserie","description":"Magasin expo de produits exceptionnels \u00e0 prix bas \u00e0 5 minutes de Bourg Saint Maurice et Aime La Plagne Tarentaise en Savoie 73","potentialAction":[{"@type":"SearchAction","target":{"@type":"EntryPoint","urlTemplate":"https:\/\/www.deco-travaux.fr\/savoie\/?s={search_term_string}"},"query-input":{"@type":"PropertyValueSpecification","valueRequired":true,"valueName":"search_term_string"}}],"inLanguage":"fr-FR"}]}},"_links":{"self":[{"href":"https:\/\/www.deco-travaux.fr\/savoie\/wp-json\/wp\/v2\/pages\/23","targetHints":{"allow":["GET"]}}],"collection":[{"href":"https:\/\/www.deco-travaux.fr\/savoie\/wp-json\/wp\/v2\/pages"}],"about":[{"href":"https:\/\/www.deco-travaux.fr\/savoie\/wp-json\/wp\/v2\/types\/page"}],"author":[{"embeddable":true,"href":"https:\/\/www.deco-travaux.fr\/savoie\/wp-json\/wp\/v2\/users\/2"}],"replies":[{"embeddable":true,"href":"https:\/\/www.deco-travaux.fr\/savoie\/wp-json\/wp\/v2\/comments?post=23"}],"version-history":[{"count":12,"href":"https:\/\/www.deco-travaux.fr\/savoie\/wp-json\/wp\/v2\/pages\/23\/revisions"}],"predecessor-version":[{"id":1613,"href":"https:\/\/www.deco-travaux.fr\/savoie\/wp-json\/wp\/v2\/pages\/23\/revisions\/1613"}],"wp:attachment":[{"href":"https:\/\/www.deco-travaux.fr\/savoie\/wp-json\/wp\/v2\/media?parent=23"}],"curies":[{"name":"wp","href":"https:\/\/api.w.org\/{rel}","templated":true}]}}