{"id":1136,"date":"2015-02-16T15:50:11","date_gmt":"2015-02-16T14:50:11","guid":{"rendered":"http:\/\/www.deco-travaux.fr\/savoie\/?page_id=1136"},"modified":"2019-03-14T14:02:01","modified_gmt":"2019-03-14T13:02:01","slug":"vente-materiaux","status":"publish","type":"page","link":"https:\/\/www.deco-travaux.fr\/savoie\/magasin-produits-batiment-et-meubles\/vente-materiaux\/","title":{"rendered":"Vente vieux bois et mat\u00e9riaux isolants \u00e9tanches"},"content":{"rendered":"<p><strong>CRIS BTP en Savoie vend des mat\u00e9riaux pour la construction, la r\u00e9novation et la d\u00e9coration.<\/strong><\/p>\n<p><strong>CRIS BTP s\u00e9lectionne les produits du b\u00e2timent innovants, facilitant la pose, l&rsquo;entretien et garantissant&nbsp;le r\u00e9sultat souhait\u00e9, tant esth\u00e9tique que technique.<\/strong><\/p>\n<p>Notre r\u00e9gion de montagne impose des mat\u00e9riaux&nbsp;r\u00e9sistants aux \u00e9carts de temp\u00e9ratures et aux conditions climatiques.<\/p>\n<h3>Vente Savoie de vieux bois&nbsp;<\/h3>\n<p><a href=\"https:\/\/www.deco-travaux.fr\/savoie\/wp-content\/uploads\/2018\/03\/vente-Savoie-vieux-bois-type-lambris-murs-et-plafond-CRIS-BTP.jpg\"><img decoding=\"async\" class=\"alignright size-thumbnail wp-image-4229\" src=\"https:\/\/www.deco-travaux.fr\/savoie\/wp-content\/uploads\/2018\/03\/vente-Savoie-vieux-bois-type-lambris-murs-et-plafond-CRIS-BTP-150x150.jpg\" alt=\"\" width=\"150\" height=\"150\"><\/a><a href=\"https:\/\/www.deco-travaux.fr\/savoie\/wp-content\/uploads\/2018\/04\/magasin-Savoie-vente-parquet-lambris-vieux-bois-deco-travaux.fr_.jpg\"><img decoding=\"async\" class=\"alignright size-thumbnail wp-image-4360\" src=\"https:\/\/www.deco-travaux.fr\/savoie\/wp-content\/uploads\/2018\/04\/magasin-Savoie-vente-parquet-lambris-vieux-bois-deco-travaux.fr_-150x150.jpg\" alt=\"\" width=\"150\" height=\"150\"><\/a>CRIS BTP bas\u00e9e en Savoie vend de&nbsp;<strong><span style=\"color: #33cccc;\">vieux bois de haute qualit\u00e9&nbsp;<\/span>&nbsp;pour rev\u00eatement mural, sol ou plafond&nbsp;\u00e0 prix bas<\/strong>.<\/p>\n<p>Deco-travaux.fr propose \u00e0 la vente plusieurs coloris.<\/p>\n<p>Le rendu est magnifique.<\/p>\n<p>La r\u00e9alisation multiplis garantit un produit de qualit\u00e9 qui ne se d\u00e9forme pas une fois pos\u00e9.<\/p>\n<h3>Vente de mat\u00e9riaux isolants et \u00e9tanches pour gros oeuvre et second oeuvre<\/h3>\n<p><a href=\"https:\/\/www.deco-travaux.fr\/savoie\/wp-content\/uploads\/2015\/02\/materiaux-isolants-d\u00e9co-travaux.jpg\"><img decoding=\"async\" class=\"alignright size-thumbnail wp-image-1489\" src=\"https:\/\/www.deco-travaux.fr\/savoie\/wp-content\/uploads\/2015\/02\/materiaux-isolants-d\u00e9co-travaux-150x150.jpg\" alt=\"materiaux isolants d\u00e9co travaux\" width=\"150\" height=\"150\"><\/a><a href=\"https:\/\/www.deco-travaux.fr\/savoie\/wp-content\/uploads\/2015\/02\/facade-ceramique-gris-CRIS-BTP-deco-travaux.fr_.jpg\"><img loading=\"lazy\" decoding=\"async\" class=\"alignright size-thumbnail wp-image-3197\" src=\"https:\/\/www.deco-travaux.fr\/savoie\/wp-content\/uploads\/2015\/02\/facade-ceramique-gris-CRIS-BTP-deco-travaux.fr_-150x150.jpg\" alt=\"facade-ceramique-gris-cris-btp-deco-travaux-fr\" width=\"150\" height=\"150\"><\/a><a href=\"https:\/\/www.deco-travaux.fr\/savoie\/wp-content\/uploads\/2018\/04\/magasin-Savoie-vente-isolant-sol-et-mur-haut-R-qualit\u00e9-deco-travaux.fr_.jpg\"><img loading=\"lazy\" decoding=\"async\" class=\"alignright size-thumbnail wp-image-4353\" src=\"https:\/\/www.deco-travaux.fr\/savoie\/wp-content\/uploads\/2018\/04\/magasin-Savoie-vente-isolant-sol-et-mur-haut-R-qualit\u00e9-deco-travaux.fr_-150x150.jpg\" alt=\"\" width=\"150\" height=\"150\"><\/a><a href=\"https:\/\/www.deco-travaux.fr\/savoie\/wp-content\/uploads\/2018\/04\/magasin-Savoie-vente-isolant-sol-haute-r\u00e9sistance-thermique-deco-travaux.fr_.jpg\"><img loading=\"lazy\" decoding=\"async\" class=\"alignright size-thumbnail wp-image-4354\" src=\"https:\/\/www.deco-travaux.fr\/savoie\/wp-content\/uploads\/2018\/04\/magasin-Savoie-vente-isolant-sol-haute-r\u00e9sistance-thermique-deco-travaux.fr_-150x150.jpg\" alt=\"\" width=\"150\" height=\"150\"><\/a>CRIS BTP vend des <span style=\"color: #33cccc;\"><strong>mat\u00e9riaux isolants pour mur, sol, plafond et toit<\/strong><\/span>&nbsp;qui r\u00e9pondent \u00e0 la RT 2020.&nbsp;La conception globale supprime les ponts thermiques. Les isolants sont&nbsp;innovants : produit chaud sans CFC, ind\u00e9formable, stable, l\u00e9ger, insensible \u00e0 l\u2019humidit\u00e9,&nbsp;imputrescible et r\u00e9siste \u00e0 la moisissure. Ce faisant, elle conserve son pouvoir isolant, quelles que soient les conditions. &nbsp;Nos produits ont un&nbsp;meilleur rendement par m\u00b2. Ainsi avec un panneau moins \u00e9pais, l\u2019isolation est plus importante qu\u2019avec d\u2019autres mat\u00e9riaux isolants. Panneau avec ou sans&nbsp;rainure bouvet\u00e9e.<\/p>\n<p>Le panneau en mousse rigide sans CFC, HCFC ou HFC, peut \u00eatre rev\u00eatu sur les deux faces d\u2019un multicouche d\u2019aluminium \u00e9tanche au gaz.<\/p>\n<p>Le panneau \u00e9met peu de fum\u00e9e, ne fond pas et ne coule pas.&nbsp;Certains produits sont renforc\u00e9s pour r\u00e9sister au feu.&nbsp;<\/p>\n<p>Leur forte r\u00e9sistance thermique permet de baisser les \u00e9paisseurs de mat\u00e9riaux isolants et de gagner de l&rsquo;argent sur l&rsquo;achat de l&rsquo;isolation. Vous gagner \u00e9galement de la place \u00e0 l&rsquo;int\u00e9rieur des logements.<\/p>\n<p><span style=\"color: #00ccff;\"><strong>Les produits d&rsquo;\u00e9tanch\u00e9it\u00e9 en vente sont performants<\/strong><\/span>&nbsp;: \u00e9tanch\u00e9it\u00e9 sous carrelage, autour des portes et fen\u00eatres, pour dalle et murs.<\/p>\n<p><span style=\"color: #33cccc;\"><strong>Vente produits de gros oeuvre s\u00e9lectionn\u00e9s hydrofuges et non inflammables<\/strong><\/span>. Vente \u00e9l\u00e9ments de murs all\u00e9g\u00e9s facile \u00e0 porter ou dalle poutrelle hourdis b\u00e9ton, ou polystyr\u00e8ne renforc\u00e9 pour une pose rapide.<\/p>\n<p>CRIS BTP vend le&nbsp;<span style=\"color: #33cccc;\"><strong>bloc b\u00e9ton avec isolation et les enduits de finition<\/strong><\/span>.<\/p>\n<h3>2017 : Premi\u00e8re construction en Savoie par grands blocs isol\u00e9s de b\u00e9ton cellulaire, une r\u00e9alisation CRIS BTP<\/h3>\n<p>CRIS BTP bas\u00e9e en Savoie vend des&nbsp;<strong><span style=\"color: #33cccc;\">blocs de b\u00e9ton&nbsp;cellulaire grand format<\/span><\/strong> (1.20 * 0.60 m ou 0.60*0.60 m\u00e8tre) d&rsquo;\u00e9paisseur vari\u00e9e. L&rsquo;achat de grand blocs de b\u00e9ton cellulaires, parfois appel\u00e9 siporex, permet un gain de temps de pose, une r\u00e9duction des quantit\u00e9s de joints et de colle.<\/p>\n<h3>Vente depuis la Savoie de mat\u00e9riaux pour les murs et sols &nbsp;: carrelage, pierre, mur v\u00e9g\u00e9tal, enduits &#8230;&nbsp;<\/h3>\n<p><a href=\"https:\/\/www.deco-travaux.fr\/savoie\/wp-content\/uploads\/2015\/02\/escalier-c\u00e9ramique-garde-corps-inox-CRIS-BTP-deco-travaux.fr_.jpg\"><img loading=\"lazy\" decoding=\"async\" class=\"alignleft size-thumbnail wp-image-3199\" src=\"https:\/\/www.deco-travaux.fr\/savoie\/wp-content\/uploads\/2015\/02\/escalier-c\u00e9ramique-garde-corps-inox-CRIS-BTP-deco-travaux.fr_-150x150.jpg\" alt=\"escalier-ceramique-garde-corps-inox-cris-btp-deco-travaux-fr\" width=\"150\" height=\"150\"><\/a><\/p>\n<p>L&rsquo;esth\u00e9tique des fa\u00e7ades peut \u00eatre&nbsp;associ\u00e9e \u00e0 des besoins techniques de&nbsp;<strong><span style=\"color: #33cccc;\">fa\u00e7ades ventil\u00e9es&nbsp;ou fa\u00e7ades coll\u00e9es<\/span><\/strong>, avec par exemple du gr\u00e8s porcelaine de haute qualit\u00e9.<\/p>\n<p>&nbsp;<\/p>\n<p><a href=\"https:\/\/www.deco-travaux.fr\/savoie\/wp-content\/uploads\/2015\/02\/salle-de-bains-pierre-CHRIS-BTP-deco-travaux.fr_.jpg\"><img loading=\"lazy\" decoding=\"async\" class=\"alignright size-thumbnail wp-image-3203\" src=\"https:\/\/www.deco-travaux.fr\/savoie\/wp-content\/uploads\/2015\/02\/salle-de-bains-pierre-CHRIS-BTP-deco-travaux.fr_-150x150.jpg\" alt=\"salle-de-bains-pierre-chris-btp-deco-travaux-fr\" width=\"150\" height=\"150\"><\/a> <a href=\"https:\/\/www.deco-travaux.fr\/savoie\/wp-content\/uploads\/2015\/02\/pierre-naturelle-murale-et-sol-CRIS-BTP-deco-travaux.fr-2.jpg\"><img loading=\"lazy\" decoding=\"async\" class=\"alignright size-thumbnail wp-image-3202\" src=\"https:\/\/www.deco-travaux.fr\/savoie\/wp-content\/uploads\/2015\/02\/pierre-naturelle-murale-et-sol-CRIS-BTP-deco-travaux.fr-2-150x150.jpg\" alt=\"pierre-naturelle-murale-et-sol-cris-btp-deco-travaux-fr-2\" width=\"150\" height=\"150\"><\/a><a href=\"https:\/\/www.deco-travaux.fr\/savoie\/wp-content\/uploads\/2015\/02\/pierre-murale-baignoire-pierre-architecte-aime-Chris-deco-travaux.fr_.jpg\"><img loading=\"lazy\" decoding=\"async\" class=\"alignright size-thumbnail wp-image-3201\" src=\"https:\/\/www.deco-travaux.fr\/savoie\/wp-content\/uploads\/2015\/02\/pierre-murale-baignoire-pierre-architecte-aime-Chris-deco-travaux.fr_-150x150.jpg\" alt=\"pierre-murale-baignoire-pierre-architecte-aime-chris-deco-travaux-fr\" width=\"150\" height=\"150\"><\/a>CRIS BTP propose en Savoie la vente de<strong><span style=\"color: #33cccc;\">&nbsp;pierre naturelle<\/span><\/strong> pour la construction&nbsp;ou la&nbsp;d\u00e9coration en <strong>rev\u00eatement des murs et des sols, plans de travail, vasques, lavabos, receveur de douche ou&nbsp;baignoires<\/strong>.<\/p>\n<p>CRIS BTP a s\u00e9lectionn\u00e9 des fabricants&nbsp;de pierres qui ajoutent \u00e0 la duret\u00e9 et de r\u00e9sistance de la&nbsp;pierre un&nbsp;traitement innovant antibact\u00e9rien&nbsp;permettant d&rsquo;obtenir un rev\u00eatement hygi\u00e9nique et s\u00fbr pour la maison.<\/p>\n<p><strong><span style=\"color: #33cccc;\"><a href=\"https:\/\/www.deco-travaux.fr\/savoie\/wp-content\/uploads\/2015\/02\/lambris-bois-gris-et-parquet-CRIS-BTP.jpg\"><img loading=\"lazy\" decoding=\"async\" class=\"alignright size-thumbnail wp-image-3200\" src=\"https:\/\/www.deco-travaux.fr\/savoie\/wp-content\/uploads\/2015\/02\/lambris-bois-gris-et-parquet-CRIS-BTP-150x150.jpg\" alt=\"lambris-bois-gris-et-parquet-cris-btp\" width=\"150\" height=\"150\"><\/a><a href=\"https:\/\/www.deco-travaux.fr\/savoie\/wp-content\/uploads\/2015\/02\/vente-parquet-stratifi\u00e9-et-carrelage-bois-en-Savoie-Chris-Btp.jpg\"><img loading=\"lazy\" decoding=\"async\" class=\"alignright size-thumbnail wp-image-3208\" src=\"https:\/\/www.deco-travaux.fr\/savoie\/wp-content\/uploads\/2015\/02\/vente-parquet-stratifi\u00e9-et-carrelage-bois-en-Savoie-Chris-Btp-150x150.jpg\" alt=\"vente-parquet-stratifie-et-carrelage-bois-en-savoie-chris-btp\" width=\"150\" height=\"150\"><\/a>Le bois<\/span><\/strong> naturel, mat\u00e9riau noble, s&rsquo;ins\u00e8re dans la construction et la&nbsp;d\u00e9coration de&nbsp;tous les espaces.&nbsp;<br \/>\nD\u00e9co travaux&nbsp;propose la vente \u00e0 partir de la Savoie de <span style=\"color: #33cccc;\"><strong>stratifi\u00e9s, lambris et parquet avec une grande vari\u00e9t\u00e9 de bois<\/strong><\/span> exotiques ou de bois fran\u00e7ais comme le ch\u00eane, le cerisier, l\u2019\u00e9rable ou&nbsp;le h\u00eatre&nbsp;pour les parquets.<\/p>\n<p>Christelle Blanchet ma\u00eetre d&rsquo;oeuvre d\u00e9corateur en Savoie&nbsp;propose \u00e9galement un syst\u00e8me de pose qui assure une mise en \u0153uvre rapide et propre, sans utilisation de colle ni de marteau, et permet d\u2019obtenir une meilleure fixation des pi\u00e8ces.<\/p>\n<h3>Vente de produits et mat\u00e9riaux d&rsquo;exception ou sur mesure depuis la savoie<\/h3>\n<p>CRIS BTP&nbsp;travaille avec des fabricants europ\u00e9ens qui d\u00e9veloppent&nbsp;des&nbsp;<span style=\"color: #00ccff;\"><strong>produits&nbsp;en inox, chrome et<\/strong> <strong>c\u00e9ramique tr\u00e8s r\u00e9sistante<\/strong> <\/span>dont la surface reste inalt\u00e9rable m\u00eame dans les conditions les plus extr\u00eames.<\/p>\n<p><strong><span style=\"color: #33cccc;\">Les&nbsp;r\u00e9sines hautement r\u00e9sistantes<\/span><\/strong>&nbsp;sont utilis\u00e9es pour cr\u00e9er des plans de travail, fa\u00e7ades, sols ou des sanitaires.<br \/>\nHerm\u00e9tiques aux bact\u00e9ries, r\u00e9sistantes \u00e0 la chaleur, elles&nbsp;conviennent aux lieux&nbsp;alimentaires et centres m\u00e9dicaux.<\/p>\n<p><a href=\"https:\/\/www.deco-travaux.fr\/savoie\/wp-content\/uploads\/2015\/02\/vente-Savoie-rev\u00eatements-sol-et-mur-pierre-et-verre-lavabo-avec-vasque-robinet-et-luminaires-CRIS-BTP-deco-travaux.fr_.jpg\"><img loading=\"lazy\" decoding=\"async\" class=\"alignright size-thumbnail wp-image-3205\" src=\"https:\/\/www.deco-travaux.fr\/savoie\/wp-content\/uploads\/2015\/02\/vente-Savoie-rev\u00eatements-sol-et-mur-pierre-et-verre-lavabo-avec-vasque-robinet-et-luminaires-CRIS-BTP-deco-travaux.fr_-150x150.jpg\" alt=\"vente-savoie-revetements-sol-et-mur-pierre-et-verre-lavabo-avec-vasque-robinet-et-luminaires-cris-btp-deco-travaux-fr\" width=\"150\" height=\"150\"><\/a>CRIS BTP d\u00e9corateur n\u00e9goce vend \u00e9galement en Savoie des <strong><span style=\"color: #33cccc;\">mat\u00e9riaux de luxe<\/span><\/strong>, des <strong><span style=\"color: #33cccc;\">rev\u00eatements uniques<\/span><\/strong>&nbsp;et <span style=\"color: #33cccc;\"><strong>collection sp\u00e9ciales<\/strong><\/span>.<\/p>\n<p>Vous souhaitez acheter du <strong><span style=\"color: #33cccc;\">mobilier sur mesure<\/span><\/strong>, de la <span style=\"color: #33cccc;\"><strong>robinetterie moderne ou classique<\/strong><\/span>, dont finitions or, pierre ou m\u00e9tal pr\u00e9cieux, ou du <strong><span style=\"color: #33cccc;\">textile exceptionnel<\/span><\/strong>.<\/p>\n<p>&nbsp;<\/p>\n<p>&nbsp;<\/p>\n<h2>&nbsp;<\/h2>\n<p><a title=\"Contact\" href=\"https:\/\/www.deco-travaux.fr\/savoie\/contact\/\">Contactez CRIS BTP<\/a> pour d\u00e9couvrir d&rsquo;autres produits et mat\u00e9riaux.<\/p>\n<p><strong>DECO TRAVAUX&nbsp;n\u00e9goce de mat\u00e9riaux, meubles et produits du b\u00e2timent bas\u00e9 en Savoie travaille avec des usines internationales pour vous faire b\u00e9n\u00e9ficier des meilleurs prix et de la qualit\u00e9<\/strong>.<br \/>\nNos produits peuvent vous \u00eates envoy\u00e9s (prix de port offert ou fix\u00e9 en fonction du lieu, des quantit\u00e9s et des produits).<\/p>\n<p><strong>Contactez CRIS BTP pour profiter de promotions ou de fins de s\u00e9ries sur des articles ou produits selon les p\u00e9riodes de l\u2019ann\u00e9e<\/strong><\/p>\n<p><strong>Professionnels et particuliers, achetez des produits b\u00e2timent de qualit\u00e9, s\u00e9lectionn\u00e9s par Christelle BLANCHET ma\u00eetre d&rsquo;oeuvre d\u00e9corateur en Savoie<\/strong>.<\/p>\n<p>&nbsp;<\/p>\n","protected":false},"excerpt":{"rendered":"<p>CRIS BTP en Savoie vend des mat\u00e9riaux pour la construction, la r\u00e9novation et la d\u00e9coration. CRIS BTP s\u00e9lectionne les produits du b\u00e2timent innovants, facilitant la pose, l&rsquo;entretien et garantissant&nbsp;le r\u00e9sultat souhait\u00e9, tant esth\u00e9tique que technique. Notre r\u00e9gion de montagne impose des mat\u00e9riaux&nbsp;r\u00e9sistants aux \u00e9carts de temp\u00e9ratures et aux conditions climatiques. Vente Savoie de vieux bois&nbsp; [&hellip;]<\/p>\n","protected":false},"author":2,"featured_media":0,"parent":61,"menu_order":3,"comment_status":"closed","ping_status":"closed","template":"","meta":{"_monsterinsights_skip_tracking":false,"_monsterinsights_sitenote_active":false,"_monsterinsights_sitenote_note":"","_monsterinsights_sitenote_category":0,"ngg_post_thumbnail":0,"footnotes":"","_links_to":"","_links_to_target":""},"class_list":["post-1136","page","type-page","status-publish","hentry"],"yoast_head":"<!-- This site is optimized with the Yoast SEO plugin v27.4 - https:\/\/yoast.com\/product\/yoast-seo-wordpress\/ -->\n<title>Vente mat\u00e9riaux b\u00e2timent innovants pour r\u00e9novation et construction Savoie<\/title>\n<meta name=\"description\" content=\"Vente mat\u00e9riaux b\u00e2timent innovants pour r\u00e9novation et construction Savoie : gros oeuvre, isolation ou rev\u00eatements sol, mur et facade, avec livraison directe\" \/>\n<meta name=\"robots\" content=\"index, follow, max-snippet:-1, max-image-preview:large, max-video-preview:-1\" \/>\n<link rel=\"canonical\" href=\"https:\/\/www.deco-travaux.fr\/savoie\/magasin-produits-batiment-et-meubles\/vente-materiaux\/\" \/>\n<meta property=\"og:locale\" content=\"fr_FR\" \/>\n<meta property=\"og:type\" content=\"article\" \/>\n<meta property=\"og:title\" content=\"Vente mat\u00e9riaux b\u00e2timent innovants pour r\u00e9novation et construction Savoie\" \/>\n<meta property=\"og:description\" content=\"Vente mat\u00e9riaux b\u00e2timent innovants pour r\u00e9novation et construction Savoie : gros oeuvre, isolation ou rev\u00eatements sol, mur et facade, avec livraison directe\" \/>\n<meta property=\"og:url\" content=\"https:\/\/www.deco-travaux.fr\/savoie\/magasin-produits-batiment-et-meubles\/vente-materiaux\/\" \/>\n<meta property=\"og:site_name\" content=\"Magasin Christelle carrelage, cuisines, salle de bain, menuiserie\" \/>\n<meta property=\"article:publisher\" content=\"https:\/\/www.facebook.com\/chrisdecotravaux\/\" \/>\n<meta property=\"article:modified_time\" content=\"2019-03-14T13:02:01+00:00\" \/>\n<meta property=\"og:image\" content=\"http:\/\/www.deco-travaux.fr\/savoie\/wp-content\/uploads\/2018\/03\/vente-Savoie-vieux-bois-type-lambris-murs-et-plafond-CRIS-BTP-150x150.jpg\" \/>\n<meta name=\"twitter:label1\" content=\"Dur\u00e9e de lecture estim\u00e9e\" \/>\n\t<meta name=\"twitter:data1\" content=\"5 minutes\" \/>\n<script type=\"application\/ld+json\" class=\"yoast-schema-graph\">{\"@context\":\"https:\\\/\\\/schema.org\",\"@graph\":[{\"@type\":\"WebPage\",\"@id\":\"https:\\\/\\\/www.deco-travaux.fr\\\/savoie\\\/magasin-produits-batiment-et-meubles\\\/vente-materiaux\\\/\",\"url\":\"https:\\\/\\\/www.deco-travaux.fr\\\/savoie\\\/magasin-produits-batiment-et-meubles\\\/vente-materiaux\\\/\",\"name\":\"Vente mat\u00e9riaux b\u00e2timent innovants pour r\u00e9novation et construction Savoie\",\"isPartOf\":{\"@id\":\"https:\\\/\\\/www.deco-travaux.fr\\\/savoie\\\/#website\"},\"primaryImageOfPage\":{\"@id\":\"https:\\\/\\\/www.deco-travaux.fr\\\/savoie\\\/magasin-produits-batiment-et-meubles\\\/vente-materiaux\\\/#primaryimage\"},\"image\":{\"@id\":\"https:\\\/\\\/www.deco-travaux.fr\\\/savoie\\\/magasin-produits-batiment-et-meubles\\\/vente-materiaux\\\/#primaryimage\"},\"thumbnailUrl\":\"http:\\\/\\\/www.deco-travaux.fr\\\/savoie\\\/wp-content\\\/uploads\\\/2018\\\/03\\\/vente-Savoie-vieux-bois-type-lambris-murs-et-plafond-CRIS-BTP-150x150.jpg\",\"datePublished\":\"2015-02-16T14:50:11+00:00\",\"dateModified\":\"2019-03-14T13:02:01+00:00\",\"description\":\"Vente mat\u00e9riaux b\u00e2timent innovants pour r\u00e9novation et construction Savoie : gros oeuvre, isolation ou rev\u00eatements sol, mur et facade, avec livraison directe\",\"breadcrumb\":{\"@id\":\"https:\\\/\\\/www.deco-travaux.fr\\\/savoie\\\/magasin-produits-batiment-et-meubles\\\/vente-materiaux\\\/#breadcrumb\"},\"inLanguage\":\"fr-FR\",\"potentialAction\":[{\"@type\":\"ReadAction\",\"target\":[\"https:\\\/\\\/www.deco-travaux.fr\\\/savoie\\\/magasin-produits-batiment-et-meubles\\\/vente-materiaux\\\/\"]}]},{\"@type\":\"ImageObject\",\"inLanguage\":\"fr-FR\",\"@id\":\"https:\\\/\\\/www.deco-travaux.fr\\\/savoie\\\/magasin-produits-batiment-et-meubles\\\/vente-materiaux\\\/#primaryimage\",\"url\":\"https:\\\/\\\/www.deco-travaux.fr\\\/savoie\\\/wp-content\\\/uploads\\\/2018\\\/03\\\/vente-Savoie-vieux-bois-type-lambris-murs-et-plafond-CRIS-BTP.jpg\",\"contentUrl\":\"https:\\\/\\\/www.deco-travaux.fr\\\/savoie\\\/wp-content\\\/uploads\\\/2018\\\/03\\\/vente-Savoie-vieux-bois-type-lambris-murs-et-plafond-CRIS-BTP.jpg\",\"width\":525,\"height\":700},{\"@type\":\"BreadcrumbList\",\"@id\":\"https:\\\/\\\/www.deco-travaux.fr\\\/savoie\\\/magasin-produits-batiment-et-meubles\\\/vente-materiaux\\\/#breadcrumb\",\"itemListElement\":[{\"@type\":\"ListItem\",\"position\":1,\"name\":\"Accueil\",\"item\":\"https:\\\/\\\/www.deco-travaux.fr\\\/savoie\\\/\"},{\"@type\":\"ListItem\",\"position\":2,\"name\":\"Autres produits\",\"item\":\"\\\/\"},{\"@type\":\"ListItem\",\"position\":3,\"name\":\"Vente vieux bois et mat\u00e9riaux isolants \u00e9tanches\"}]},{\"@type\":\"WebSite\",\"@id\":\"https:\\\/\\\/www.deco-travaux.fr\\\/savoie\\\/#website\",\"url\":\"https:\\\/\\\/www.deco-travaux.fr\\\/savoie\\\/\",\"name\":\"Magasin Christelle carrelage, cuisines, salle de bain, menuiserie\",\"description\":\"Magasin expo de produits exceptionnels \u00e0 prix bas \u00e0 5 minutes de Bourg Saint Maurice et Aime La Plagne Tarentaise en Savoie 73\",\"potentialAction\":[{\"@type\":\"SearchAction\",\"target\":{\"@type\":\"EntryPoint\",\"urlTemplate\":\"https:\\\/\\\/www.deco-travaux.fr\\\/savoie\\\/?s={search_term_string}\"},\"query-input\":{\"@type\":\"PropertyValueSpecification\",\"valueRequired\":true,\"valueName\":\"search_term_string\"}}],\"inLanguage\":\"fr-FR\"}]}<\/script>\n<!-- \/ Yoast SEO plugin. -->","yoast_head_json":{"title":"Vente mat\u00e9riaux b\u00e2timent innovants pour r\u00e9novation et construction Savoie","description":"Vente mat\u00e9riaux b\u00e2timent innovants pour r\u00e9novation et construction Savoie : gros oeuvre, isolation ou rev\u00eatements sol, mur et facade, avec livraison directe","robots":{"index":"index","follow":"follow","max-snippet":"max-snippet:-1","max-image-preview":"max-image-preview:large","max-video-preview":"max-video-preview:-1"},"canonical":"https:\/\/www.deco-travaux.fr\/savoie\/magasin-produits-batiment-et-meubles\/vente-materiaux\/","og_locale":"fr_FR","og_type":"article","og_title":"Vente mat\u00e9riaux b\u00e2timent innovants pour r\u00e9novation et construction Savoie","og_description":"Vente mat\u00e9riaux b\u00e2timent innovants pour r\u00e9novation et construction Savoie : gros oeuvre, isolation ou rev\u00eatements sol, mur et facade, avec livraison directe","og_url":"https:\/\/www.deco-travaux.fr\/savoie\/magasin-produits-batiment-et-meubles\/vente-materiaux\/","og_site_name":"Magasin Christelle carrelage, cuisines, salle de bain, menuiserie","article_publisher":"https:\/\/www.facebook.com\/chrisdecotravaux\/","article_modified_time":"2019-03-14T13:02:01+00:00","og_image":[{"url":"http:\/\/www.deco-travaux.fr\/savoie\/wp-content\/uploads\/2018\/03\/vente-Savoie-vieux-bois-type-lambris-murs-et-plafond-CRIS-BTP-150x150.jpg","type":"","width":"","height":""}],"twitter_misc":{"Dur\u00e9e de lecture estim\u00e9e":"5 minutes"},"schema":{"@context":"https:\/\/schema.org","@graph":[{"@type":"WebPage","@id":"https:\/\/www.deco-travaux.fr\/savoie\/magasin-produits-batiment-et-meubles\/vente-materiaux\/","url":"https:\/\/www.deco-travaux.fr\/savoie\/magasin-produits-batiment-et-meubles\/vente-materiaux\/","name":"Vente mat\u00e9riaux b\u00e2timent innovants pour r\u00e9novation et construction Savoie","isPartOf":{"@id":"https:\/\/www.deco-travaux.fr\/savoie\/#website"},"primaryImageOfPage":{"@id":"https:\/\/www.deco-travaux.fr\/savoie\/magasin-produits-batiment-et-meubles\/vente-materiaux\/#primaryimage"},"image":{"@id":"https:\/\/www.deco-travaux.fr\/savoie\/magasin-produits-batiment-et-meubles\/vente-materiaux\/#primaryimage"},"thumbnailUrl":"http:\/\/www.deco-travaux.fr\/savoie\/wp-content\/uploads\/2018\/03\/vente-Savoie-vieux-bois-type-lambris-murs-et-plafond-CRIS-BTP-150x150.jpg","datePublished":"2015-02-16T14:50:11+00:00","dateModified":"2019-03-14T13:02:01+00:00","description":"Vente mat\u00e9riaux b\u00e2timent innovants pour r\u00e9novation et construction Savoie : gros oeuvre, isolation ou rev\u00eatements sol, mur et facade, avec livraison directe","breadcrumb":{"@id":"https:\/\/www.deco-travaux.fr\/savoie\/magasin-produits-batiment-et-meubles\/vente-materiaux\/#breadcrumb"},"inLanguage":"fr-FR","potentialAction":[{"@type":"ReadAction","target":["https:\/\/www.deco-travaux.fr\/savoie\/magasin-produits-batiment-et-meubles\/vente-materiaux\/"]}]},{"@type":"ImageObject","inLanguage":"fr-FR","@id":"https:\/\/www.deco-travaux.fr\/savoie\/magasin-produits-batiment-et-meubles\/vente-materiaux\/#primaryimage","url":"https:\/\/www.deco-travaux.fr\/savoie\/wp-content\/uploads\/2018\/03\/vente-Savoie-vieux-bois-type-lambris-murs-et-plafond-CRIS-BTP.jpg","contentUrl":"https:\/\/www.deco-travaux.fr\/savoie\/wp-content\/uploads\/2018\/03\/vente-Savoie-vieux-bois-type-lambris-murs-et-plafond-CRIS-BTP.jpg","width":525,"height":700},{"@type":"BreadcrumbList","@id":"https:\/\/www.deco-travaux.fr\/savoie\/magasin-produits-batiment-et-meubles\/vente-materiaux\/#breadcrumb","itemListElement":[{"@type":"ListItem","position":1,"name":"Accueil","item":"https:\/\/www.deco-travaux.fr\/savoie\/"},{"@type":"ListItem","position":2,"name":"Autres produits","item":"\/"},{"@type":"ListItem","position":3,"name":"Vente vieux bois et mat\u00e9riaux isolants \u00e9tanches"}]},{"@type":"WebSite","@id":"https:\/\/www.deco-travaux.fr\/savoie\/#website","url":"https:\/\/www.deco-travaux.fr\/savoie\/","name":"Magasin Christelle carrelage, cuisines, salle de bain, menuiserie","description":"Magasin expo de produits exceptionnels \u00e0 prix bas \u00e0 5 minutes de Bourg Saint Maurice et Aime La Plagne Tarentaise en Savoie 73","potentialAction":[{"@type":"SearchAction","target":{"@type":"EntryPoint","urlTemplate":"https:\/\/www.deco-travaux.fr\/savoie\/?s={search_term_string}"},"query-input":{"@type":"PropertyValueSpecification","valueRequired":true,"valueName":"search_term_string"}}],"inLanguage":"fr-FR"}]}},"_links":{"self":[{"href":"https:\/\/www.deco-travaux.fr\/savoie\/wp-json\/wp\/v2\/pages\/1136","targetHints":{"allow":["GET"]}}],"collection":[{"href":"https:\/\/www.deco-travaux.fr\/savoie\/wp-json\/wp\/v2\/pages"}],"about":[{"href":"https:\/\/www.deco-travaux.fr\/savoie\/wp-json\/wp\/v2\/types\/page"}],"author":[{"embeddable":true,"href":"https:\/\/www.deco-travaux.fr\/savoie\/wp-json\/wp\/v2\/users\/2"}],"replies":[{"embeddable":true,"href":"https:\/\/www.deco-travaux.fr\/savoie\/wp-json\/wp\/v2\/comments?post=1136"}],"version-history":[{"count":105,"href":"https:\/\/www.deco-travaux.fr\/savoie\/wp-json\/wp\/v2\/pages\/1136\/revisions"}],"predecessor-version":[{"id":4548,"href":"https:\/\/www.deco-travaux.fr\/savoie\/wp-json\/wp\/v2\/pages\/1136\/revisions\/4548"}],"up":[{"embeddable":true,"href":"https:\/\/www.deco-travaux.fr\/savoie\/wp-json\/wp\/v2\/pages\/61"}],"wp:attachment":[{"href":"https:\/\/www.deco-travaux.fr\/savoie\/wp-json\/wp\/v2\/media?parent=1136"}],"curies":[{"name":"wp","href":"https:\/\/api.w.org\/{rel}","templated":true}]}}